?
True
Is 156577 composite?
False
Is 1619789 composite?
True
Is 11129537 prime?
True
Is 481111117 a prime number?
True
Is 60220687 prime?
True
Is 5957807 prime?
False
Is 67301089 a composite number?
False
Is 4158223 prime?
False
Is 8128753 a prime number?
True
Is 44880971 a prime number?
False
Is 36404143 a composite number?
True
Is 2222107 composite?
True
Is 4898291 a prime number?
True
Is 6149921 composite?
True
Is 585937 a prime number?
False
Is 226025699 a composite number?
True
Is 232542883 composite?
True
Is 8157979 prime?
True
Is 302325713 composite?
True
Is 7275911 composite?
False
Is 7823171 a prime number?
False
Is 876179 a composite number?
True
Is 115409353 a composite number?
True
Is 85096551 composite?
True
Is 14608679 a prime number?
True
Is 7538015 a prime number?
False
Is 658783 prime?
True
Is 299108881 a composite number?
False
Is 262438415 composite?
True
Is 7868753 prime?
False
Is 612954607 composite?
True
Is 2884418 prime?
False
Is 233747477 composite?
False
Is 83018879 composite?
False
Is 802858853 a prime number?
True
Is 8074951 composite?
True
Is 200980127 a composite number?
True
Is 53869127 a composite number?
True
Is 225657291 a prime number?
False
Is 9302669 prime?
True
Is 1205969 prime?
True
Is 118338119 prime?
False
Is 7296613 prime?
False
Is 2958977 prime?
False
Is 130280251 composite?
False
Is 123677 prime?
True
Is 28694497 a prime number?
False
Is 34096333 composite?
False
Is 22768723 a composite number?
False
Is 297615251 prime?
True
Is 304155793 a composite number?
False
Is 60106883 a prime number?
False
Is 268309 a prime number?
False
Is 10685449 prime?
False
Is 364979 prime?
True
Is 629963 a composite number?
False
Is 10388879 a prime number?
False
Is 1003004683 a prime number?
True
Is 3711959 a prime number?
True
Is 62672807 a composite number?
False
Is 178938443 prime?
False
Is 48376057 a prime number?
False
Is 697483 a composite number?
True
Is 83102993 a prime number?
False
Is 8105047 a prime number?
True
Is 6473477 prime?
True
Is 90132794 prime?
False
Is 33081563 a composite number?
True
Is 38287399 prime?
False
Is 117232613 a prime number?
False
Is 25621 prime?
True
Is 95324069 a prime number?
True
Is 6837437 composite?
False
Is 76073 a prime number?
False
Is 18613421 prime?
True
Is 93481991 a composite number?
False
Is 7720853 a prime number?
False
Is 12705731 composite?
False
Is 9926597 prime?
True
Is 121697291 a composite number?
False
Is 235688303 a prime number?
False
Is 452547929 prime?
False
Is 295960127 composite?
True
Is 8209991 prime?
True
Is 147807001 composite?
False
Is 1837289 a composite number?
False
Is 99123601 prime?
True
Is 13508701 composite?
False
Is 1179416717 prime?
True
Is 57958247 composite?
False
Is 51122759 a prime number?
True
Is 671977 prime?
False
Is 5976091 prime?
False
Is 19919017 prime?
True
Is 4538851 composite?
False
Is 18326999 composite?
False
Is 414164801 a composite number?
True
Is 959347 prime?
False
Is 32170757 a composite number?
False
Is 5184317 prime?
True
Is 4587899 composite?
True
Is 18741445 prime?
False
Is 26305093 a composite number?
True
Is 5109371 a prime number?
True
Is 5230739 composite?
True
Is 1481377 a prime number?
True
Is 7565381 a composite number?
True
Is 123704473 a composite number?
False
Is 4513021 a prime number?
True
Is 13352831 a composite number?
False
Is 948551 composite?
False
Is 5559941 composite?
True
Is 10942133 prime?
True
Is 15021937 a composite number?
True
Is 6282587 composite?
True
Is 20383327 composite?
True
Is 8973589 composite?
True
Is 2055437 composite?
False
Is 205732463 composite?
False
Is 88040291 a prime number?
True
Is 14891699 composite?
False
Is 45529343 a prime number?
True
Is 161823709 composite?
False
Is 38894761 a prime number?
False
Is 239070071 prime?
True
Is 36147179 prime?
True
Is 66994199 a composite number?
False
Is 4819339 composite?
True
Is 18338633 a composite number?
True
Is 373294 prime?
False
Is 31450207 composite?
False
Is 3765089 prime?
True
Is 4142227 prime?
True
Is 1113097 a composite number?
True
Is 35656843 prime?
False
Is 55024663 a prime number?
False
Is 93301042 a prime number?
False
Is 266273 prime?
False
Is 21837999 prime?
False
Is 46090099 composite?
True
Is 145822366 prime?
False
Is 99232783 prime?
False
Is 48543289 a prime number?
True
Is 336114601 a prime number?
True
Is 3020683 composite?
False
Is 13089669 a prime number?
False
Is 197496911 composite?
True
Is 348447511 a composite number?
False
Is 18839 a composite number?
False
Is 7408931 prime?
True
Is 4787099 a composite number?
False
Is 20430929 composite?
True
Is 35382371 prime?
True
Is 2789087 composite?
True
Is 2594609 composite?
False
Is 73708543 composite?
True
Is 6501983 a composite number?
False
Is 2834921 a composite number?
False
Is 409307 composite?
True
Is 49009799 composite?
False
Is 1042117449 composite?
True
Is 545474 prime?
False
Is 2955163 a prime number?
False
Is 2489303 prime?
False
Is 137898779 prime?
True
Is 966883 a composite number?
False
Is 73705703 composite?
False
Is 426611 composite?
False
Is 20355491 composite?
True
Is 268437563 composite?
False
Is 127523 prime?
False
Is 241827815 a composite number?
True
Is 8875067 composite?
True
Is 416986 composite?
True
Is 32293601 a composite number?
False
Is 256819477 prime?
False
Is 67245187 a prime number?
True
Is 31099261 composite?
False
Is 23843815 prime?
False
Is 66850343 a composite number?
True
Is 10586773 composite?
True
Is 1254207 prime?
False
Is 65995981 a composite number?
False
Is 3475097 a composite number?
True
Is 38365013 prime?
False
Is 11053 composite?
True
Is 13411043 composite?
True
Is 13851997 a prime number?
False
Is 182773 a prime number?
True
Is 521707 a prime number?
True
Is 162102521 composite?
True
Is 8583791 a composite number?
False
Is 146741869 a prime number?
True
Is 178348327 composite?
True
Is 375334991 composite?
False
Is 1564457 prime?
True
Is 4818593 a prime number?
False
Is 1937393 prime?
False
Is 1166663 prime?
True
Is 335726179 prime?
True
Is 29376133 composite?
False
Is 211042015 prime?
False
Is 3603817 prime?
False
Is 71842891 prime?
False
Is 451121 a prime number?
False
Is 6928349 a composite number?
False
Is 368770303 prime?
False
Is 226223 a composite number?
True
Is 5791429 a composite number?
True
Is 175052095 a composite number?
True
Is 275647 composite?
True
Is 61768649 prime?
True
Is 35872687 a prime number?
False
Is 2977067 a prime number?
True
Is 150633129 composite?
True
Is 226463767 a composite number?
False
Is 139490263 prime?
False
Is 1306414 a prime number?
False
Is 6991653 prime?
False
Is 245368741 a prime number?
True
Is 6400783 a prime number?
False
Is 70895533 prime?
False
Is 7963541 prime?
False
Is 28935397 a prime number?
True
Is 87179 a composite number?
False
Is 20400857 prime?
True
Is 1500643 a composite number?
False
Is 2764457 a prime number?
False
Is 5168153 prime?
False
Is 32668873 prime?
True
Is 41835121 a composite number?
False
Is 12435653 prime?
False
Is 1325179 composite?
False
Is 1559003 a composite number?
True
Is 17377 composite?
False
Is 14624363 a prime number?
False
Is 10368613 composite?
True
Is 190772771 a composite number?
True
Is 9757991 prime?
True
Is 14363171 composite?
False
Is 367227049 prime?
False
Is 33890947 composite?
False
Is 344543 a prime number?
True
Is 21073009 composite?
True
Is 34351523 composite?
False
Is 146366237 composite?
True
Is 2356037 prime?
False
Is 2072663 prime?
True
Is 1512151 a prime number?
False
Is 6631607 a composite number?
False
Is 387320179 prime?
True
Is 13042 prime?
False
Is 277957 composite?
True
Is 15077159 composite?
False
Is 66409835 a prime number?
False
Is 2461159 a prime number?
False
Is 52400011 a composite number?
True
Is 377206 a prime number?
False
Is 35524691 a prime number?
True
Is 3176599 a prime number?
False
Is 188668559 a composite number?
False
Is 1855667 a prime number?
False
Is 129549283 composite?
False
Is 96419 composite?
False
Is 25600903 composite?
False
Is 1027133 composite?
True
Is 8329769 a composite number?
True
Is 15620987 composite?
False
Is 9309327 prime?
False
Is 346897 a prime number?
False
Is 113720329 composite?
False
Is 4738613 composite?
True
Is 5939743 a prime number?
True
Is 14915807 a composite number?
